565584.
2, 97849
List the prime factors of 4406445.
3, 5, 181, 541
What are the prime factors of 481121?
149, 3229
List the prime factors of 134046.
2, 3, 11, 677
What are the prime factors of 3911870?
2, 5, 17, 23011
List the prime factors of 29513156.
2, 17, 19, 53, 431
What are the prime factors of 2633763?
3, 11, 79811
List the prime factors of 1885979.
1885979
List the prime factors of 1327264.
2, 19, 37, 59
List the prime factors of 32917.
32917
List the prime factors of 513236.
2, 31, 4139
What are the prime factors of 7458926?
2, 3729463
What are the prime factors of 160770?
2, 3, 5, 23, 233
List the prime factors of 245790.
2, 3, 5, 2731
List the prime factors of 4542998.
2, 2271499
What are the prime factors of 15286297?
13, 271, 4339
List the prime factors of 222606.
2, 3, 83, 149
What are the prime factors of 319208?
2, 39901
List the prime factors of 9132203.
9132203
What are the prime factors of 758880?
2, 3, 5, 17, 31
List the prime factors of 1364289.
3, 454763
What are the prime factors of 8610?
2, 3, 5, 7, 41
List the prime factors of 1683596.
2, 420899
What are the prime factors of 11794810?
2, 5, 647, 1823
List the prime factors of 1078006.
2, 539003
List the prime factors of 10697337.
3, 7, 127, 191
What are the prime factors of 19259837?
257, 74941
List the prime factors of 16370431.
7, 11, 433, 491
List the prime factors of 546220.
2, 5, 31, 881
List the prime factors of 435372.
2, 3, 7, 71, 73
What are the prime factors of 69021?
3, 7669
What are the prime factors of 1178719?
1178719
List the prime factors of 141752.
2, 13, 29, 47
What are the prime factors of 839561?
47, 17863
What are the prime factors of 1164930?
2, 3, 5, 13, 29, 103
List the prime factors of 858288.
2, 3, 17881
What are the prime factors of 1042403?
251, 4153
What are the prime factors of 334674?
2, 3, 18593
List the prime factors of 7002208.
2, 218819
What are the prime factors of 4146112?
2, 64783
What are the prime factors of 507989?
97, 5237
List the prime factors of 1021072.
2, 13, 4909
List the prime factors of 999346.
2, 499673
List the prime factors of 476564.
2, 11, 10831
What are the prime factors of 5344003?
7, 763429
List the prime factors of 9007110.
2, 3, 5, 7, 17, 29
List the prime factors of 150954.
2, 3, 139, 181
List the prime factors of 154310.
2, 5, 13, 1187
List the prime factors of 19588.
2, 59, 83
What are the prime factors of 5624719?
23, 244553
List the prime factors of 870841.
29, 30029
List the prime factors of 2169027.
3, 7, 34429
What are the prime factors of 199578?
2, 3, 29, 31, 37
What are the prime factors of 150136?
2, 7, 383
What are the prime factors of 681999?
3, 463, 491
List the prime factors of 413292.
2, 3, 11, 31, 101
What are the prime factors of 365618?
2, 11, 16619
List the prime factors of 4147332.
2, 3, 7, 97, 509
What are the prime factors of 3260831?
7, 465833
List the prime factors of 316730.
2, 5, 19, 1667
What are the prime factors of 1497366?
2, 3, 13, 79
What are the prime factors of 314297?
67, 4691
List the prime factors of 1231575.
3, 5, 16421
What are the prime factors of 1062794?
2, 139, 3823
What are the prime factors of 296663?
296663
What are the prime factors of 3473022?
2, 3, 7, 11813
List the prime factors of 469181.
79, 5939
What are the prime factors of 163838?
2, 81919
What are the prime factors of 12882063?
3, 683, 6287
What are the prime factors of 8217331?
8217331
List the prime factors of 1643002.
2, 131, 6271
What are the prime factors of 88025?
5, 7, 503
What are the prime factors of 707321?
707321
What are the prime factors of 6492410?
2, 5, 389, 1669
List the prime factors of 3319764.
2, 3, 7, 39521
List the prime factors of 37904875.
5, 263, 1153
What are the prime factors of 492441?
3, 164147
List the prime factors of 5676643.
7, 810949
What are the prime factors of 121927?
13, 83, 113
What are the prime factors of 168361?
31, 5431
What are the prime factors of 1586279?
131, 12109
List the prime factors of 3231396.
2, 3, 7, 12823
List the prime factors of 286677.
3, 53, 601
List the prime factors of 20163.
3, 11, 13, 47
List the prime factors of 16650702.
2, 3, 925039
What are the prime factors of 10720816?
2, 670051
What are the prime factors of 650796?
2, 3, 193, 281
What are the prime factors of 276663?
3, 92221
What are the prime factors of 767445?
3, 5, 7, 7309
What are the prime factors of 19013006?
2, 2917, 3259
List the prime factors of 2509402.
2, 7, 179243
List the prime factors of 1376781.
3, 7, 53, 1237
What are the prime factors of 2691815?
5, 7, 10987
List the prime factors of 1828406.
2, 139, 6577
List the prime factors of 5035392.
2, 3, 31, 47
List the prime factors of 1864052.
2, 19, 24527
What are the prime factors of 515066?
2, 17, 15149
List the prime factors of 8571322.
2, 4285661
What are the prime factors of 1565521?
1565521
What are the prime factors of 14656650?
2, 3, 5, 97711
List the prime factors of 26745415.
5, 5349083
List the prime factors of 236293.
236293
What are the prime factors of 298304?
2, 59, 79
List the prime factors of 26250655.
5, 29, 181039
What are the prime factors of 993945?
3, 5, 23, 43, 67
What are the prime factors of 2391282?
2, 3, 29, 509
What are the prime factors of 1156734?
2, 3, 31, 691
What are the prime factors of 583370?
2, 5, 58337
List the prime factors of 35190510.
2, 3, 5, 17, 69001
List the prime factors of 44623.
44623
What are the prime factors of 2471083?
19, 130057
What are the prime factors of 667189?
109, 6121
List the prime factors of 273951.
3, 61, 499
List the prime factors of 76305.
3, 5, 5087
What are the prime factors of 264208?
2, 7, 337
What are the prime factors of 683885?
5, 136777
List the prime factors of 1049388.
2, 3, 157, 557
List the prime factors of 46551.
3, 59, 263
What are the prime factors of 126851?
126851
What are the prime factors of 513342?
2, 3, 19, 79
What are the prime factors of 9625704?
2, 3, 11, 19, 101
List the prime factors of 2335949.
7, 11, 23, 1319
List the prime factors of 203541.
3, 13, 17, 307
What are the prime factors of 86095?
5, 67, 257
What are the prime factors of 409429?
409429
List the prime factors of 97477.
107, 911
What are the prime factors of 12114646?
2, 887, 6829
What are the prime factors of 3771476?
2, 942869
List the prime factors of 332570.
2, 5, 7, 4751
List the prime factors of 3231479.
17, 433, 439
What are the prime factors of 900623?
900623
What are the prime factors of 8037229?
8037229
What are the prime factors of 949617?
3, 35171
What are the prime factors of 2451694?
2, 7, 37, 4733
List the prime factors of 32949107.
383, 86029
List the prime factors of 13134938.
2, 1861, 3529
What are the prime factors of 118577?
283, 419
List the prime factors of 177227.
31, 5717
List the prime factors of 31108680.
2, 3, 5, 86413
List the prime factors of 3517920.
2, 3, 5, 7, 349
List the prime factors of 212140.
2, 5, 10607
List the prime factors of 42678.
2, 3, 2371
List the prime factors of 488736.
2, 3, 1697
What are the prime factors of 11049014?
2, 17, 37, 8783
What are the prime factors of 23465575?
5, 7, 134089
What are the prime factors of 97840?
2, 5, 1223
List the prime factors of 1724737.
7, 246391
List the prime factors of 166944.
2, 3, 37, 47
What are the prime factors of 432535?
5, 19, 29, 157
List the prime factors of 330299.
37, 79, 113
What are the prime factors of 2137069?
11, 173, 1123
List the prime factors of 1197365.
5, 13, 109
What are the prime factors of 3368882?
2, 11, 13921
List the prime factors of 10056944.
2, 83, 7573
List the prime factors of 562676.
2, 163, 863
List the prime factors of 21361.
41, 521
What are the prime factors of 1255296?
2, 3, 7, 467
What are the prime factors of 156159?
3, 17351
List the prime factors of 141403.
141403
List the prime factors of 2801027.
509, 5503
What are the prime factors of 1640768?
2, 31, 827
What are the prime factors of 311541?
3, 113, 919
What are the prime factors of 43984?
2, 2749
What are the prime factors of 200164?
2, 163, 307
What are the prime factors of 92301?
3, 11, 2797
List the prime factors of 578845.
5, 115769
What are the prime factors of 9126841?
17, 257, 2089
List the prime factors of 673020.
2, 3, 5, 3739
What are the prime factors of 846824?
2, 11, 9623
Wh